4*a - 1 = -9. What is the remainder when a is divided by k?
0
Let y(v) = v**2 + 4*v + 5. Suppose -2 - 10 = 3*p. What is the remainder when y(p) is divided by 2?
1
Calculate the remainder when 3 + (38 - 4 - 2) is divided by 12.
11
Let z(y) = y**2 - 6*y + 9. What is the remainder when 17 is divided by z(6)?
8
Let g = 30 - 14. What is the remainder when 0 - -18*(-5)/(-2) is divided by g?
13
Let z(r) = 2*r - 10. Let y(j) = -j**3 - 3*j**2 - 3*j - 2. Let x be y(-3). Let c = 1 + x. Calculate the remainder when z(c) is divided by 4.
2
Suppose j - 14 = 4*w + 34, 3*j + 4*w - 64 = 0. What is the remainder when j is divided by 10?
8
Let b(n) = 2*n**2 + 8*n + 1. Calculate the remainder when b(-5) is divided by 2.
1
Let x be 1/(-1*(-2)/(-14)). What is the remainder when 53 is divided by x/(-1 - 2/(-4))?
11
Let v be -2 - (12/1)/(-3). Suppose v*z + 9 = 5*z. Suppose 3*i = z*r + 2*r + 94, -3*r + 126 = 3*i. What is the remainder when i is divided by 13?
12
Let b be 58 + 2 + -4 + 4. Suppose 4*d - 44 - b = 0. What is the remainder when d is divided by (228/39 - -3) + 32/208?
8
Let o(y) = y**3 - 9*y**2 + 8*y + 8. Let g be o(8). What is the remainder when 164*(2/g - 0) is divided by 21?
20
Let r = 3 + -4. Let t = 2 - r. Calculate the remainder when t is divided by 2.
1
Let a(u) = 7*u - 13. Calculate the remainder when a(18) is divided by 29.
26
Let r = -8 + 13. What is the remainder when -5*r/(15/(-33)) is divided by 14?
13
Suppose a - 22 = -0. Let d = -50 - -74. Let q = -12 + d. Calculate the remainder when a is divided by q.
10
Let n = -161 - -229. Let h = n - 21. Suppose 2*q + 16 = 3*q. What is the remainder when h is divided by q?
15
Suppose 5*o = -26 + 111. What is the remainder when o is divided by (300/(-45))/((-2)/3)?
7
Let p be 136/(-14) - 2/7. Calculate the remainder when ((-14)/(-4))/(p/(-20)) is divided by 3.
1
Suppose -9*j = -j - 112. Calculate the remainder when 63 is divided by j.
7
Suppose 2*a = 24 + 22. Suppose -k + 3 = -j, 3 + 4 = 2*k - j. Let g = k + 8. What is the remainder when a is divided by g?
11
Suppose -q = -10 - 49. What is the remainder when q is divided by 12?
11
Let w(h) = h**2 + 22. Calculate the remainder when w(0) is divided by 128/(-24)*6/(-4).
6
Calculate the remainder when 72 is divided by (-24)/(-132) + (-414)/(-22).
15
Suppose 4*r = 4*c + 3*r - 133, 0 = 2*c - 2*r - 68. What is the remainder when c is divided by 9?
6
Suppose 15*y - 175 = 8*y. Calculate the remainder when 44 is divided by y.
19
Let h(k) = k - 8. Let t be h(7). Let j = t + 4. Suppose -88 = -j*x + x. Calculate the remainder when x is divided by 23.
21
Suppose -2*g = 4*f - 14, 2*f - 4*g = 3*f. Let w = 9 - f. Calculate the remainder when 12 is divided by w.
2
Let z(m) = -12*m - 44. What is the remainder when 157 is divided by z(-7)?
37
Suppose 0 = -6*m + m + 25, 0 = -4*z + 5*m - 1. Suppose 3*c = z*c - 186. What is the remainder when c is divided by -6 + -6*(-36)/8?
20
Suppose -3*r + 3*f = 2*f - 8, 5*r + f = 16. Calculate the remainder when r is divided by 1.
0
Suppose 19 = 3*b - 4*h + 5*h, -3*b + 5*h = -31. Calculate the remainder when b is divided by 12/2*(-2)/(-4).
1
Let x(b) = b**3 + 4*b**2 + 2*b. Let j be x(-4). Let o = 12 + j. What is the remainder when 7 is divided by o?
3
Suppose 3*u + 4*n - 12 = 0, 5*n - 9 - 6 = -3*u. Let i be -3 + -3 + 8 + u. Suppose -2*c + 92 = i*c. What is the remainder when c is divided by 12?
11
What is the remainder when (-59)/2*((-12)/(-2))/(-3) is divided by 12?
11
Calculate the remainder when 73 is divided by 5/(4/(0 - -20)).
23
Suppose 2*k - 1 = q + k, -5*q + 15 = -k. Suppose -4*s - q*i = -12, -2*s - s = -3*i - 3. Suppose s*m - 17 = -7. What is the remainder when m is divided by 3?
2
Let r(d) = d**3 - 3*d + 3. Let j be r(2). Suppose 2*m - 68 = 5*u, -88 = -2*m - j*u - 0*u. What is the remainder when m is divided by 14?
11
Suppose 2*s = 4*y + 4*s - 6, -s = y + 1. Suppose y*w - 220 - 64 = 0. Calculate the remainder when w is divided by 24.
23
Let w = 3 - 1. Let v(z) = z**2 - 7*z + 13. What is the remainder when w is divided by v(3)?
0
Suppose -z = 2*k - 16 - 12, 56 = 4*k - 3*z. Suppose 3*q - 2*d = k, -4*q + 2*d + 22 = 6. Let a = 9 + -4. Calculate the remainder when a is divided by q.
1
Let u be -1 + -13 + 0 + -1. Let s = 8 - u. What is the remainder when s is divided by 8?
7
Suppose -2*w = 2*p - 42, 0 = -3*w + 5*p + 79. Calculate the remainder when w is divided by 13.
10
Let t(s) = s**3 + 4*s**2 + 2*s - 1. Let k be t(-3). Suppose -k*a - 10 = 0, 3*a = -y + 6*a + 27. What is the remainder when y is divided by 5?
2
Let i be (-8)/3*(8 + 4). What is the remainder when (-6)/8 - 696/i is divided by ((-2)/14 + 1)*14?
9
Suppose 0 = 2*y - 29 - 13. What is the remainder when 62 is divided by y?
20
Suppose -2*p = -4*p + 134. Suppose u + 3*g - 91 = -4*u, 2*g - 72 = -4*u. What is the remainder when p is divided by u?
16
Suppose 26 = 4*y - 6. Suppose 5*a = 25, y - 45 = -2*h - 5*a. What is the remainder when 17 is divided by (-9)/(-6)*1*h?
8
Let d(y) = 12*y**2 + y**2 + y**2 + y. Calculate the remainder when d(-1) is divided by (7/(-1))/(3/(-3)).
6
Let f = 13 - 8. Calculate the remainder when 14 is divided by f.
4
Let x = 76 - 26. What is the remainder when x is divided by 19 - 1 - (-1 + 2)?
16
Let f(i) = i**2 - 2. Let n(b) = 2*b**3 - b**2 - b - 1. Calculate the remainder when n(3) is divided by f(-4).
13
Let u = -6 + 6. Suppose 4*c + 3 - 11 = u. Suppose 0 = a + c*a - 111. What is the remainder when a is divided by 13?
11
Let c = -59 - -289. Suppose c = 5*i - 3*a - 2*a, 4*i = -5*a + 139. Calculate the remainder when i is divided by 11.
8
What is the remainder when 78 is divided by (8/12)/(-3 - (-490)/162)?
24
Let g be (-36)/(-20) + (-1)/(-5). Suppose 37 = g*u + 5*b, -3*u + 18 = -9*b + 4*b. Calculate the remainder when u is divided by 6.
5
Suppose 0 = -2*r + 2*o + 66, -5*r + 0*o + 3*o = -165. Suppose 5*y = -v + 5*v - 73, -90 = -5*v + 5*y. What is the remainder when r is divided by v?
16
What is the remainder when 8 is divided by (-1 - -1) + 7/((-21)/(-9))?
2
Let r = -124 - -235. Suppose -t = 2*t - r. What is the remainder when t is divided by -1*(42/(-3) + 1)?
11
Suppose -4*a + 0*a - y = -2, -4*y + 8 = 5*a. Calculate the remainder when 37 - (-2 + 1 - a) is divided by 13.
12
Calculate the remainder when 31 is divided by -9*(-8)/12 + 2.
7
Let y = 113 - 68. Calculate the remainder when y is divided by 12.
9
Let g = -4 - -5. Suppose -g - 5 = -n. Suppose 6 + 11 = z. Calculate the remainder when z is divided by n.
5
Calculate the remainder when 80 is divided by 1/4 - (-963)/36.
26
Let t = -12 + 11. Let r(g) = -17*g**3 + g**2 - g - 1. Calculate the remainder when 53 is divided by r(t).
17
Let h = -79 - -122. Suppose -5*r = -0*r - 330. Suppose 4*y = y + r. What is the remainder when h is divided by y?
21
Let q(r) = -r + 8. Let g be q(6). Suppose -8 = -g*k + 6. What is the remainder when k is divided by 1/((-6)/(-30)*5/3)?
1
Suppose 0 = -4*z - 10 - 26. Let f = -3 - z. Calculate the remainder when 9 is divided by f.
3
What is the remainder when 154 is divided by 3*1/3*52?
50
Let g(v) = -7 - 2*v**3 + 4*v**3 + 3*v**2 - 6*v - v**3 - 4*v**2. What is the remainder when g(5) is divided by 33?
30
Let p = -14 + 16. What is the remainder when p is divided by 2?
0
Let x(w) = 9*w**2 + 2*w - 1. Let t = -2 - -14. Let s(d) = d**3 - 13*d**2 + 12*d - 2. Let f be s(t). Calculate the remainder when x(f) is divided by 8.
7
Suppose -u - 12 = -2*u. Calculate the remainder when 47 is divided by u.
11
Suppose -4*c - 7*a + 28 = -2*a, -4*c + 4*a - 8 = 0. What is the remainder when c is divided by 1?
0
Suppose 15 = 4*s + s. Suppose 3*j - 4*y - 29 = 0, 2*j + y + 4*y = 4. What is the remainder when j is divided by s?
1
Suppose -2*p + 14 = 2*u, -p - 9 = -u - 0. Suppose -4*v + u*v - 8 = 0. Suppose k = v*k - g - 39, -4*k = 4*g - 188. What is the remainder when k is divided by 15?
13
Let c = -25 - -45. Calculate the remainder when 51 is divided by c.
11
Suppose -s + 3*f = -0*s - 129, 3*s = 4*f + 382. Calculate the remainder when s is divided by 32.
30
Suppose -5*i + 133 = 3*t, 0 = 4*t + 3*i - 160 - 10. What is the remainder when t is divided by 7?
6
Let g(s) = -3*s - 3. Calculate the remainder when 51 is divided by g(-7).
15
Let h = -3 - -5. Let w = -2 + h. Suppose -2*y + w*y = -122. Calcul